{"id":141,"date":"2015-04-22T00:32:02","date_gmt":"2015-04-22T00:32:02","guid":{"rendered":"https:\/\/mixtopia.ro\/burgerfest\/?page_id=141"},"modified":"2017-04-04T16:33:21","modified_gmt":"2017-04-04T16:33:21","slug":"regulament-burger-battle","status":"publish","type":"page","link":"https:\/\/mixtopia.ro\/burgerfest\/regulament-burger-battle\/","title":{"rendered":"Regulament BURGERFEST Battle"},"content":{"rendered":"<p><strong>Ce este \u201eBURGERFEST Battle\u201d?<\/strong><\/p>\n<p>Fiecare dintre noi, fiecare buc\u0103tar, fiecare chef \u0219i fiecare restaurant se laud\u0103 cu cel mai bun burger.\u00a0<strong>BURGERFEST este \u0219ansa voastr\u0103 de a dovedi acest lucru! \u00a0<\/strong>Ve\u021bi participa la un concurs de g\u0103tit burgeri live \u00eempotriva altor concuren\u021bi.<\/p>\n<p>Acest document reprezint\u0103 regulamentul oficial al concuren\u021bilor la concursurile BURGERFEST Battle.<\/p>\n<p>V\u0103\u00a0rug\u0103m s\u0103 citi\u021bi acest document cu aten\u021bie pentru c\u0103 v\u0103\u00a0ofer\u0103 informa\u021bii importante despre concursul la care urmeaz\u0103 s\u0103 participa\u021bi.<\/p>\n<p><strong><u>REGULILE \u201eBURGERFEST Battle\u201d<\/u><\/strong><\/p>\n<p><strong>REGULI GENERALE<\/strong><\/p>\n<p>BURGERFEST Battle este un concurs de g\u0103tit ce se desf\u0103\u0219oar\u0103 live in cadrul BURGERFEST &#8211; <strong>\u00een perioada 19 \u2013 21 mai 2017\u00a0<\/strong><\/p>\n<p>Concursul are 2 (dou\u0103) etape, una pentru\u00a0<strong>profesioni\u0219ti (restaurante)<\/strong>\u00a0\u0219i una pentru <strong>amatori<\/strong>.<\/p>\n<p>\u00cen etapa dedicat\u0103 profesioni\u0219tilor particip\u0103 toate restaurantele\/pub-urile\/bistro-urile prezente la BURGERFEST cu punct de v\u00e2nzare.<\/p>\n<p>\u00cen etapa dedicat\u0103 amatorilor poate participa orice persoan\u0103 care crede c\u0103 \u0219tie s\u0103 prepare cel mai bun burger \u0219i care se \u00eenscrie \u00een concurs \u00een perioada dedicat\u0103.<\/p>\n<p>Pentru a \u00eendeplini condi\u021biile de participare, concuren\u021bii, indiferent de etap\u0103, trebuie s\u0103 se \u00eenscrie \u00een prealabil \u0219i s\u0103 fie selecta\u021bi de organizatorii evenimentului.<\/p>\n<p>Scorul total, stabilit prin metoda TAG, va stabili c\u00e2\u0219tig\u0103torul evenimentului.<\/p>\n<p>Fiecare concurent, indiferent de etap\u0103, va trebui s\u0103 aib\u0103 cantit\u0103\u021bi suficiente de ingrediente pentru a prepara patru burgeri.<\/p>\n<p>Concuren\u021bii, indiferent de etap\u0103, pot s\u0103 aib\u0103 1 (un) singur asistent pe durata concursului. Asisten\u021bii nu au statutul de concuren\u021bi \u0219i nu pot s\u0103 fie declara\u021bi c\u00e2\u0219tig\u0103tori. Niciun concurent \u0219i niciun asistent nu poate concura \u00een mai mult de o singur\u0103 echip\u0103. Concuren\u021bii sunt responsabili de ac\u021biunile asisten\u021bilor desemna\u021bi \u0219i pot fi descalifica\u021bi pentru orice ac\u021biune a asistentului lor sau pentru \u00eenc\u0103lcarea regulamentului de c\u0103tre acesta.<\/p>\n<p>Fiecare preparat va fi evaluat de cei 3 membri ai juriului.<\/p>\n<p>Prin concurent participant \u00een cadrul etapei dedicate profesioni\u0219tilor, organizatorii BURGERFEST \u00een\u021beleg orice restaurant de pe teritoriul Rom\u00e2niei care are \u00een meniul s\u0103u unul sau mai multe produse de tip burger de cel pu\u021bin 60 de zile (la data public\u0103rii acestui regulament &#8211; 01.04.2017).<\/p>\n<p>Din considerente de echitate, \u00een timpul \u0219edin\u021bei\u00a0<strong>obligatorii\u00a0<\/strong>a concuren\u021bilor, to\u021bi participan\u021bii, indiferent de categorie, vor prezenta o fi\u0219\u0103 a produsului participant, fi\u0219\u0103 care va cuprinde lista ingredientelor folosite \u0219i tehnica de execu\u021bie a produsului.<\/p>\n<p>Se vor pune la dispozi\u021bia participan\u021bilor echipamente corespunz\u0103toare \u0219i \u00een conformitate cu reglement\u0103rile in vigoare.<\/p>\n<p>Concuren\u021bii\/participan\u021bii trebuie s\u0103 aib\u0103 grij\u0103 de echipamentele primite \u0219i la finalul BURGERFEST trebuie s\u0103 le returneze organizatorului \u00een aceea\u0219i condi\u021bie \u00een care le-au primit. \u00cen cazul \u00een care organizatorul BURGERFEST \u00eenchiriaz\u0103 echipamentele de la un ter\u021b, condi\u021biile impuse de ter\u021b organizatorului sunt valabile \u0219i pentru participan\u021bi\/concuren\u021bi. To\u021bi participan\u021bii\/concuren\u021bii vor fi informa\u021bi at\u00e2t \u00een scris, c\u00e2t \u0219i verbal de condi\u021biile \u0219i modul \u00een care trebuie s\u0103 utilizeze \u0219i s\u0103 returneze echipamentele.<\/p>\n<p>Concuren\u021bii trebuie s\u0103 asigure:<\/p>\n<p>&#8211;\u00a0Toate cantit\u0103\u021bile necesare de ingrediente conform specifica\u021biilor concursului;<\/p>\n<p>&#8211;\u00a0Stocarea \u0219i transportul ingredientelor \u00een condi\u021bii legale de igiena \u0219i temperatura de la achizi\u021bionarea acestora p\u00e2n\u0103 la loca\u021bia evenimentului;<\/p>\n<p>&#8211;\u00a0Stocarea \u00een condi\u021bii legale de igien\u0103 \u0219i temperatur\u0103 la loca\u021bia evenimentului, utiliz\u00e2nd echipamentele frigorifice puse la dispozi\u021bie de c\u0103tre organizator, \u00een programul orar stabilit \u00eenaintea evenimentului.<\/p>\n<p>Orice \u00eenc\u0103lcare a reglement\u0103rilor direc\u021biilor de s\u0103n\u0103tate \u0219i PSI poate duce la descalificarea imediat\u0103 a concurentului. Concuren\u021bilor amatori nu le este permis s\u0103 serveasc\u0103 sau s\u0103 v\u00e2nd\u0103 alimente publicului participant.<\/p>\n<p>Dac\u0103 un concurent nu respect\u0103 Regulile \u0219i Regulamentul stabilit de organizatorul BURGERFEST \u0219i BURGERFEST Battle, atunci acesta va fi descalificat, iar orice form\u0103 contractual\u0103 dintre el \u0219i organizator va fi reziliat\u0103. \u00cen eventualitatea unei astfel de nerespect\u0103ri, concurentul\/participantul va renun\u021ba, cu titlu de desp\u0103gubiri contractuale, la orice eventuale sume pl\u0103tite de acesta \u00een leg\u0103tur\u0103 cu \u00eenscrierea sa.<\/p>\n<p><strong>PREZENTAREA PREPARATELOR DE C\u0102TRE CONCUREN\u021aI<\/strong><\/p>\n<p>Toate preparatele \u00eenscrise \u00een concurs vor fi realizate\u00a0<strong>la fa\u021ba locului\u00a0<\/strong>\u00een perioada concursului, neaccept\u00e2ndu-se niciun preparat realizat anterior, \u00een afar\u0103 de materialele\/produsele preambalate \u0219i chiflele.\u00a0<strong>Dac\u0103 exist\u0103 dubii cu privire la valabilitatea materialelor preambalate utilizate, concurentul are responsabilitatea de a solicita \u0219i ob\u021bine aprobarea \u00eenainte de eveniment.<\/strong><\/p>\n<p>Pentru concurs, burgerii pot fi din carne tocat\u0103 de vit\u0103 sau o alt\u0103 carne tocat\u0103, inclusiv, f\u0103r\u0103 \u00eens\u0103 a se limita la: porc, oaie, miel, berbec, pui, curcan, pe\u0219te etc. Tot pentru concurs, burgerii pot fi \u0219i din legume.<\/p>\n<p>Prezentarea c\u0103tre membrii juriului se va face \u00een recipiente, identice, puse la dispozi\u021bie de organizatorii concursului.<\/p>\n<p>Concuren\u021bii, indiferent de categorie, vor crea:<\/p>\n<p>a)\u00a0<strong>1 (un) burger pentru jurizarea ASPECTULUI<\/strong>, care va fi prezentat individual \u00eentr-un recipient pus\u00a0la dispozi\u021bie de organizatorii concursului.<\/p>\n<p>b) 3\u00a0<strong>(trei) burgeri\u00a0<\/strong>pentru jurizarea\u00a0<strong>TEHNICII\u00a0<\/strong>de execu\u021bie \u0219i a\u00a0<strong>GUSTULUI<\/strong>, plasa\u021bi separate \u00een alte recipiente puse\u00a0la dispozi\u021bie de organizatorii concursului.<\/p>\n<p>Preparatele jurizate pentru tehnic\u0103 \u0219i gust\u00a0<strong>NU<\/strong>\u00a0vor fi jurizate din punct de vedere al aspectului.<\/p>\n<p><strong>Decorul\/garnitura de prezentare\u00a0<\/strong>este la latitudinea concurentului. Decorul trebuie s\u0103 fie comestibil, iar decorul comestibil nu va fi consumat \u0219i nici nu va fi evaluat \u00een baza altor criterii except\u00e2nd aspectul. Nu se vor folosi structuri artificiale pentru a \u00eencadra, ridica sau fixa produsul jurizat din punct de vedere al aspectului. Scobitorile sau alte dispozitive similare pot fi utilizate doar pentru por\u021biile pentru degustare.<\/p>\n<p><strong>Ora prezent\u0103rii\u00a0<\/strong>produselor spre jurizare\u00a0va fi confirmat\u0103 \u00een \u0219edin\u021ba concuren\u021bilor. Un preparat va fi evaluat doar la momentul stabilit de organizatorul evenimentului. Intervalul de timp permis pentru prezentare va fi\u00a0<strong>cu 5 (cinci) minute \u00eenainte \u0219i p\u00e2n\u0103 la 5 (cinci) minute dup\u0103 <\/strong>ora postat\u0103, f\u0103r\u0103 toleran\u021b\u0103.\u00a0<strong>O prezentare \u00eent\u00e2rziat\u0103 va fi punctat\u0103 cu 1 (unu) la toate criteriile de jurizare.<\/strong><\/p>\n<p><strong>Fi\u0219a produsului\u00a0<\/strong>\u00a0va cuprinde o list\u0103 a ingredientelor folosite \u0219i tehnica de execu\u021bie a produsului \u0219i trebuie prezentat\u0103 \u00een \u0219edin\u021ba obligatorie a concuren\u021bilor. Fi\u0219a nu trebuie marcat\u0103 \u00een niciun fel care s\u0103 permit\u0103 membrilor juriului s\u0103 identifice concurentul.\u00a0<strong>Fi\u0219a trebuie s\u0103 includ\u0103 cantit\u0103\u021bile de ingrediente, dimensiunea de servire \u0219i pa\u0219ii parcur\u0219i pentru crearea preparatului.<\/strong><\/p>\n<p><strong>PROCESUL DE JURIZARE<\/strong><\/p>\n<p>BURGERFEST Battle este un concurs cu jurizare \u201eoarb\u0103\u201c. Preparatele \u00eenscrise \u00een concurs vor fi prezentate \u00eentr-un recipient aprobat pus la dispozi\u021bie de organizator.<\/p>\n<p>Judec\u0103torii vor fi instrui\u021bi s\u0103 jurizeze fiecare preparat din punct de vedere al\u00a0tehnicii de execu\u021bie, aspectului \u0219i gustului. Notele se acord\u0103 de la 1 la 10 pentru fiecare dintre cele trei categorii de concurs.<\/p>\n<p>Jurizarea va fi de tipul \u00een lini\u0219te \u0219i \u00een orb. Fiecare membru al juriului se va prezenta la \u0219edin\u021ba obligatorie a juriului \u00eenainte de runda de jurizare, unde vor fi instrui\u021bi cu privire la ce se a\u0219teapt\u0103 de la ace\u0219tia \u00een concurs.<\/p>\n<p>Fiecare preparat va fi jurizat \u00een func\u021bie de calit\u0103\u021bile individuale comparativ cu celelalte preparate \u00eenscrise \u00een concurs.<\/p>\n<p>Burgerii pot include combina\u021bii de condimente, creme, sosuri, br\u00e2nzeturi \u0219i glazuri. Fiecare component\u0103 plasat\u0103 \u00eentre buc\u0103\u021bile de chifl\u0103 sau p\u00e2ine va fi analizat\u0103 \u00een scopul juriz\u0103rii. Dac\u0103 o component\u0103 a burgerului, cum ar fi un sos sau un condiment, exist\u0103 \u00een afara chiflei sau a p\u00e2inii, aceasta nu va fi jurizat\u0103 din punct de vedere al gustului \u0219i a tehnicii de execu\u021bie.<\/p>\n<p><strong>Juriul pentru sec\u021biunea\u00a0de amatori<\/strong> va fi format din reprezentan\u021bi ai restaurantelor participante la BURGERFEST. Nu este obligatoriu ca reprezenta\u021bii respectivelor restaurant sa fie aceia\u0219i pe toat\u0103 durata concursului.<\/p>\n<p><strong>Juriul pentru sec\u021biunea\u00a0de\u00a0<\/strong><b>profesioni\u0219ti<\/b>\u00a0va fi format din oameni cu experien\u021b\u0103 \u0219i cu o mare cultur\u0103 gastronomic\u0103 \u0219i va fi anun\u021bat cu minim <strong>2 (dou\u0103) zile<\/strong> \u00eenaintea evenimentului.<\/p>\n<p><strong>Jurizarea pentru sec\u021biunea\u00a0de\u00a0<\/strong><b>profesioni\u0219ti<\/b>\u00a0va avea dou\u0103 etape:<\/p>\n<ol>\n<li><u>Mystery Shopper<\/u> &#8211; burgerii vor ajunge la juriu dup\u0103 ce au fost cump\u0103ra\u021bi de un reprezentant al organizatorilor, f\u0103r\u0103 ca restaurantele participante s\u0103 \u0219tie acest lucru. Restaurantele participante trebuie s\u0103 anun\u021be organizatorii BURGERFEST \u0219i BURGERFEST Battle cu minim 24 ore \u00eenainte de \u00eenceperea evenimentului care este burgerul din meniul cu care particip\u0103 la BURGERFEST care o s\u0103 fie jurizat \u00een cadrul BURGERFEST Battle.<\/li>\n<li><u>Burger Battle<\/u> \u2013 restaurantele au la dispozi\u021bie <strong>45 (patruzeci \u0219i cinci) minute<\/strong> pentru a-\u0219i crea preparatele, acelea\u0219i care au participat \u0219i la Mystery Shopper, pe care s\u0103 le prezinte \u00een concurs.<\/li>\n<\/ol>\n<p><strong>METODA TAG<\/strong><\/p>\n<p><strong><em>Metoda TAG este sistemul de punctare care permite ca orice categorie din concursul BURGERFEST Battle s\u0103 fie jurizat\u0103 pe baza acelora\u0219i criterii \u00eentr-o manier\u0103 omogen\u0103.<\/em><\/strong><\/p>\n<p>Fiecare preparat va fi jurizat \u00een baza a trei criterii cheie de evaluare:\u00a0<strong>Tehnica de execu\u021bie, Aspect\u00a0<\/strong>\u0219i<strong>\u00a0Gust (T.A.G.)<\/strong><\/p>\n<p><strong>TEHNICA DE EXECU\u021aIE<\/strong>\u00a0&#8211; va fi evaluat\u0103 \u00een func\u021bie de interpretarea general\u0103 \u0219i specific\u0103 dat\u0103 de membrii juriului structurii, comestibilit\u0103\u021bii, conceptului \u0219i prepar\u0103rii produsului. Este produsul corespunz\u0103tor? Ponderea ingredientelor este corespunz\u0103toare? A realizat concurentul ceea ce \u0219i-a propus?<\/p>\n<p><strong>ASPECTUL<\/strong>\u00a0&#8211; va fi evaluat \u00een baza a dou\u0103 criterii: produsul \u201emostr\u0103\u201c care va fi prezentat pentru jurizare, precum \u0219i aspectul general al recipientului de prezentare. Membrii juriului vor fi instrui\u021bi s\u0103 dea o mai mare greutate \u00een punctajul lor categoriei <strong>Aspect<\/strong>, av\u00e2nd la baz\u0103 produsul \u00een sine, dar lu\u00e2nd \u00een considerare \u0219i aspectul general de prezentare. Este pl\u0103cut ochiului? Arat\u0103 apetisant? \u00ce\u021bi vine s\u0103 mu\u0219ti din el de cum \u00eel vezi?<\/p>\n<p><strong>GUSTUL\u00a0<\/strong>&#8211; va fi evaluat \u00een func\u021bie de interpretarea general\u0103 \u0219i specific\u0103 dat\u0103 de membrii juriului si conform cu fi\u0219a ingredientelor. Are un gust pl\u0103cut? Te face s\u0103 mai vrei? Aromele sunt interesante? Are un gust balansat? Se simte un ingredient mai puternic?<\/p>\n<p>Nu uita\u021bi, \u00eens\u0103, c\u0103 \u00een judecata uman\u0103 factorii obiectivi se mixeaz\u0103 cu cei subiectivi. Punctele acordate de juriu nu sunt pentru rezolvarea unor probleme de matematic\u0103, ci pentru tehnica de execu\u021bie, aspect \u0219i gust. Nu facem matematic\u0103, facem gastronomie!<\/p>\n<p>\u00cen \u00eent\u00e2lnirea cu jura\u021bii, organizatorul \u00eei va instrui pe ace\u0219tia cu privire la importan\u021ba judec\u0103\u021bii lor \u0219i \u00eei va sf\u0103tui s\u0103 judece fiecare preparat c\u00e2t mai obiectiv \u0219i strict dup\u0103 meritele sale. Pentru jura\u021bi, participarea la BURGERFEST Battle este o responsabilitate care va fi dus\u0103 la bun sf\u00e2r\u0219it cu seriozitate \u0219i cu deosebit\u0103 aten\u021bie.<\/p>\n<p><strong>PUNCTAJUL<\/strong><\/p>\n<p>\u00cen timpul juriz\u0103rii BURGERFEST Battle, fiecare criteriu va primi un punctaj de la 1 (necomestibil) la 10 (perfect).<\/p>\n<p>Fiecare dintre punctajele categoriilor TAG vor fi ponderate \u00een func\u021bie de importan\u021ba pe care o prezint\u0103 pentru preparat. Ponderile sunt dup\u0103 cum urmeaz\u0103:<\/p>\n<p><u>Sec\u021biunea amatori<\/u><\/p>\n<p><strong>Tehnica de execu\u021bie \u2013 35%, Aspect \u2013 15%, Gust \u2013 50%.<\/strong><\/p>\n<p><u>Sec\u021biunea\u00a0profesioni\u0219ti<\/u><\/p>\n<p>1. Mystery Shopper:\u00a0<strong>Tehnica de execu\u021bie \u2013 40%, Aspect \u2013 10%, Gust \u2013 50%.<\/strong><\/p>\n<p>2. Burger Battle:<strong> Tehnica de execu\u021bie \u2013 35%, Aspect \u2013 15%, Gust \u2013 50%.<\/strong><\/p>\n<p>Calcularea notei fiec\u0103rui preparat se va face astfel:<\/p>\n<p><u>Sec\u021biunea amatori<\/u><\/p>\n<p>&#8211;\u00a0Se face media artimetic\u0103 a celor 3 note<\/p>\n<p>&#8211;\u00a0Aceast\u0103 medie va reprezenta\u00a0<strong>nota final\u0103 a preparatului.<\/strong><\/p>\n<p><u>Sectiunea profesioni\u0219ti<\/u><\/p>\n<p>&#8211;\u00a0Se face media artimetic\u0103 a celor 3\u00a0note\u00a0de la Mystery Shopper<\/p>\n<p>&#8211;\u00a0Se face media artimetic\u0103 a celor 3 note\u00a0de la Burger Battle<\/p>\n<p>&#8211;\u00a0Se face media artimetic\u0103 a celor 2 note rezultate\u00a0(Mystery Shopper + Burger Battle)<\/p>\n<p>&#8211;\u00a0Aceast\u0103 medie va reprezenta\u00a0<strong>nota final\u0103 a preparatului.<\/strong><\/p>\n<p>\u00cen cazul \u00een care vor exista situa\u021bii de egalitate, departajarea se va face dup\u0103 unul dintre criteriile de mai jos:<\/p>\n<p>1. Suma punctajelor pentru Gust \u0219i Execu\u021bie;<\/p>\n<p>2. Punctajul pentru Gust;<\/p>\n<p>\u00cen cazul \u00een care, dup\u0103 epuizarea criteriilor de departajare, vor exista \u00een continuare situa\u021bii de egalitate, respectivii concuren\u021bi vor participa la un nou concurs \u00een care vor avea de preparat o re\u021bet\u0103 diferit\u0103 de cea preg\u0103tit\u0103 ini\u021bial. Condi\u021biile de participare sunt acelea\u0219i.<\/p>\n<p><strong>MODIFIC\u0102RI \u0218I SCHIMB\u0102RI<\/strong><\/p>\n<p>Organizatorii BURGERFEST \u0219i BURGERFEST Battle \u00ee\u0219i rezerv\u0103 dreptul de a aduce modific\u0103ri prezentului regulament. Orice chestiuni care nu sunt reglementate \u00een mod specific \u00een prezentul document fac obiectul deciziei organizatorilor evenimentului.<\/p>\n<p>Organizatorii BURGERFEST \u0219i BURGERFEST Battle \u00ee\u0219i rezerv\u0103 dreptul de a aduce prezentului regulament modific\u0103ri, schimb\u0103ri \u0219i complet\u0103ri pe care le consider\u0103 recomandabile \u00een scopul bunei desf\u0103\u0219ur\u0103ri a concursului, cu condi\u021bia ca to\u021bi Concuren\u021bii s\u0103 fie informa\u021bi de respectivele modific\u0103ri prin e-mail.<\/p>\n<p>\u00cen cazul anul\u0103rii concursului din motiv de r\u0103zboi, ac\u021biune sau ordin guvernamental, caz fortuit, incendiu, grev\u0103, dispute de munc\u0103 sau din orice alt\u0103 cauz\u0103 pe care organizatorul nu o poate controla, prezentul regulament va fi anulat.<\/p>\n<p><b>PENTRU \u00ceNSCRIERI LA BURGERFEST &amp; BURGERFEST BATTLE<\/b><\/p>\n<p><a href=\"https:\/\/mixtopia.ro\/burgerfest\/\" target=\"_blank\" rel=\"nofollow\">www.burgerfest.ro<\/a> sau burgerfest.ro@gmail.com<\/p>\n<p><b>SPONSORIZ\u0102RI \u00a0 \u00a0 \u00a0 \u00a0 \u00a0 \u00a0 \u00a0 \u00a0 \u00a0 \u00a0 \u00a0 \u00a0 \u00a0 \u00a0 \u00a0 \u00a0 \u00a0PARTENERIATE MEDIA<\/b><\/p>\n<p>contact@mixtopia.ro \u00a0 \u00a0 \u00a0 \u00a0 \u00a0 \u00a0 \u00a0 \u00a0 \u00a0 \u00a0 \u00a0 \u00a0 contact@mixtopia.ro<\/p>\n","protected":false},"excerpt":{"rendered":"<p>Ce este \u201eBURGERFEST Battle\u201d? Fiecare dintre noi, fiecare buc\u0103tar, fiecare chef \u0219i fiecare restaurant se laud\u0103 cu cel mai bun burger.\u00a0BURGERFEST este \u0219ansa voastr\u0103 de a dovedi acest lucru! \u00a0Ve\u021bi participa la un concurs de g\u0103tit burgeri live \u00eempotriva altor concuren\u021bi. Acest document reprezint\u0103 regulamentul oficial al concuren\u021bilor la concursurile BURGERFEST Battle. V\u0103\u00a0rug\u0103m s\u0103 citi\u021bi [&hellip;]<\/p>\n","protected":false},"author":1,"featured_media":0,"parent":0,"menu_order":0,"comment_status":"open","ping_status":"open","template":"","meta":{"_et_pb_use_builder":"","_et_pb_old_content":"","_et_gb_content_width":"","footnotes":""},"class_list":["post-141","page","type-page","status-publish","hentry"],"yoast_head":"<!-- This site is optimized with the Yoast SEO plugin v27.5 - https:\/\/yoast.com\/product\/yoast-seo-wordpress\/ -->\n<title>Regulament BURGERFEST Battle - BURGERFEST 2019<\/title>\n<meta name=\"robots\" content=\"index, follow, max-snippet:-1, max-image-preview:large, max-video-preview:-1\" \/>\n<link rel=\"canonical\" href=\"https:\/\/mixtopia.ro\/burgerfest\/regulament-burger-battle\/\" \/>\n<meta property=\"og:locale\" content=\"en_US\" \/>\n<meta property=\"og:type\" content=\"article\" \/>\n<meta property=\"og:title\" content=\"Regulament BURGERFEST Battle - BURGERFEST 2019\" \/>\n<meta property=\"og:description\" content=\"Ce este \u201eBURGERFEST Battle\u201d? Fiecare dintre noi, fiecare buc\u0103tar, fiecare chef \u0219i fiecare restaurant se laud\u0103 cu cel mai bun burger.\u00a0BURGERFEST este \u0219ansa voastr\u0103 de a dovedi acest lucru! \u00a0Ve\u021bi participa la un concurs de g\u0103tit burgeri live \u00eempotriva altor concuren\u021bi. Acest document reprezint\u0103 regulamentul oficial al concuren\u021bilor la concursurile BURGERFEST Battle. V\u0103\u00a0rug\u0103m s\u0103 citi\u021bi [&hellip;]\" \/>\n<meta property=\"og:url\" content=\"https:\/\/mixtopia.ro\/burgerfest\/regulament-burger-battle\/\" \/>\n<meta property=\"og:site_name\" content=\"BURGERFEST 2019\" \/>\n<meta property=\"article:modified_time\" content=\"2017-04-04T16:33:21+00:00\" \/>\n<meta name=\"twitter:card\" content=\"summary_large_image\" \/>\n<meta name=\"twitter:label1\" content=\"Est. reading time\" \/>\n\t<meta name=\"twitter:data1\" content=\"11 minutes\" \/>\n<script type=\"application\/ld+json\" class=\"yoast-schema-graph\">{\"@context\":\"https:\\\/\\\/schema.org\",\"@graph\":[{\"@type\":\"WebPage\",\"@id\":\"https:\\\/\\\/mixtopia.ro\\\/burgerfest\\\/regulament-burger-battle\\\/\",\"url\":\"https:\\\/\\\/mixtopia.ro\\\/burgerfest\\\/regulament-burger-battle\\\/\",\"name\":\"Regulament BURGERFEST Battle - BURGERFEST 2019\",\"isPartOf\":{\"@id\":\"https:\\\/\\\/mixtopia.ro\\\/burgerfest\\\/#website\"},\"datePublished\":\"2015-04-22T00:32:02+00:00\",\"dateModified\":\"2017-04-04T16:33:21+00:00\",\"breadcrumb\":{\"@id\":\"https:\\\/\\\/mixtopia.ro\\\/burgerfest\\\/regulament-burger-battle\\\/#breadcrumb\"},\"inLanguage\":\"en-US\",\"potentialAction\":[{\"@type\":\"ReadAction\",\"target\":[\"https:\\\/\\\/mixtopia.ro\\\/burgerfest\\\/regulament-burger-battle\\\/\"]}]},{\"@type\":\"BreadcrumbList\",\"@id\":\"https:\\\/\\\/mixtopia.ro\\\/burgerfest\\\/regulament-burger-battle\\\/#breadcrumb\",\"itemListElement\":[{\"@type\":\"ListItem\",\"position\":1,\"name\":\"Home\",\"item\":\"https:\\\/\\\/mixtopia.ro\\\/burgerfest\\\/\"},{\"@type\":\"ListItem\",\"position\":2,\"name\":\"Regulament BURGERFEST Battle\"}]},{\"@type\":\"WebSite\",\"@id\":\"https:\\\/\\\/mixtopia.ro\\\/burgerfest\\\/#website\",\"url\":\"https:\\\/\\\/mixtopia.ro\\\/burgerfest\\\/\",\"name\":\"BURGERFEST 2019\",\"description\":\"Edi\u021bia a 5-a\",\"potentialAction\":[{\"@type\":\"SearchAction\",\"target\":{\"@type\":\"EntryPoint\",\"urlTemplate\":\"https:\\\/\\\/mixtopia.ro\\\/burgerfest\\\/?s={search_term_string}\"},\"query-input\":{\"@type\":\"PropertyValueSpecification\",\"valueRequired\":true,\"valueName\":\"search_term_string\"}}],\"inLanguage\":\"en-US\"}]}<\/script>\n<!-- \/ Yoast SEO plugin. -->","yoast_head_json":{"title":"Regulament BURGERFEST Battle - BURGERFEST 2019","robots":{"index":"index","follow":"follow","max-snippet":"max-snippet:-1","max-image-preview":"max-image-preview:large","max-video-preview":"max-video-preview:-1"},"canonical":"https:\/\/mixtopia.ro\/burgerfest\/regulament-burger-battle\/","og_locale":"en_US","og_type":"article","og_title":"Regulament BURGERFEST Battle - BURGERFEST 2019","og_description":"Ce este \u201eBURGERFEST Battle\u201d? Fiecare dintre noi, fiecare buc\u0103tar, fiecare chef \u0219i fiecare restaurant se laud\u0103 cu cel mai bun burger.\u00a0BURGERFEST este \u0219ansa voastr\u0103 de a dovedi acest lucru! \u00a0Ve\u021bi participa la un concurs de g\u0103tit burgeri live \u00eempotriva altor concuren\u021bi. Acest document reprezint\u0103 regulamentul oficial al concuren\u021bilor la concursurile BURGERFEST Battle. V\u0103\u00a0rug\u0103m s\u0103 citi\u021bi [&hellip;]","og_url":"https:\/\/mixtopia.ro\/burgerfest\/regulament-burger-battle\/","og_site_name":"BURGERFEST 2019","article_modified_time":"2017-04-04T16:33:21+00:00","twitter_card":"summary_large_image","twitter_misc":{"Est. reading time":"11 minutes"},"schema":{"@context":"https:\/\/schema.org","@graph":[{"@type":"WebPage","@id":"https:\/\/mixtopia.ro\/burgerfest\/regulament-burger-battle\/","url":"https:\/\/mixtopia.ro\/burgerfest\/regulament-burger-battle\/","name":"Regulament BURGERFEST Battle - BURGERFEST 2019","isPartOf":{"@id":"https:\/\/mixtopia.ro\/burgerfest\/#website"},"datePublished":"2015-04-22T00:32:02+00:00","dateModified":"2017-04-04T16:33:21+00:00","breadcrumb":{"@id":"https:\/\/mixtopia.ro\/burgerfest\/regulament-burger-battle\/#breadcrumb"},"inLanguage":"en-US","potentialAction":[{"@type":"ReadAction","target":["https:\/\/mixtopia.ro\/burgerfest\/regulament-burger-battle\/"]}]},{"@type":"BreadcrumbList","@id":"https:\/\/mixtopia.ro\/burgerfest\/regulament-burger-battle\/#breadcrumb","itemListElement":[{"@type":"ListItem","position":1,"name":"Home","item":"https:\/\/mixtopia.ro\/burgerfest\/"},{"@type":"ListItem","position":2,"name":"Regulament BURGERFEST Battle"}]},{"@type":"WebSite","@id":"https:\/\/mixtopia.ro\/burgerfest\/#website","url":"https:\/\/mixtopia.ro\/burgerfest\/","name":"BURGERFEST 2019","description":"Edi\u021bia a 5-a","potentialAction":[{"@type":"SearchAction","target":{"@type":"EntryPoint","urlTemplate":"https:\/\/mixtopia.ro\/burgerfest\/?s={search_term_string}"},"query-input":{"@type":"PropertyValueSpecification","valueRequired":true,"valueName":"search_term_string"}}],"inLanguage":"en-US"}]}},"_links":{"self":[{"href":"https:\/\/mixtopia.ro\/burgerfest\/wp-json\/wp\/v2\/pages\/141","targetHints":{"allow":["GET"]}}],"collection":[{"href":"https:\/\/mixtopia.ro\/burgerfest\/wp-json\/wp\/v2\/pages"}],"about":[{"href":"https:\/\/mixtopia.ro\/burgerfest\/wp-json\/wp\/v2\/types\/page"}],"author":[{"embeddable":true,"href":"https:\/\/mixtopia.ro\/burgerfest\/wp-json\/wp\/v2\/users\/1"}],"replies":[{"embeddable":true,"href":"https:\/\/mixtopia.ro\/burgerfest\/wp-json\/wp\/v2\/comments?post=141"}],"version-history":[{"count":15,"href":"https:\/\/mixtopia.ro\/burgerfest\/wp-json\/wp\/v2\/pages\/141\/revisions"}],"predecessor-version":[{"id":943,"href":"https:\/\/mixtopia.ro\/burgerfest\/wp-json\/wp\/v2\/pages\/141\/revisions\/943"}],"wp:attachment":[{"href":"https:\/\/mixtopia.ro\/burgerfest\/wp-json\/wp\/v2\/media?parent=141"}],"curies":[{"name":"wp","href":"https:\/\/api.w.org\/{rel}","templated":true}]}}